-i = 2*m - 272. What is the highest common factor of m and 15?
15
Let q(n) = -7*n + 8. Let r be q(-1). Suppose r*o = 17 + 283. Let y = 6 - 2. What is the highest common factor of y and o?
4
Suppose 6270 = 153*x - 15457 - 16370. What is the highest common divisor of 49551 and x?
249
Suppose 21*s + 16 = 29*s. Let m be -22 - -30 - (1 + s). What is the greatest common divisor of 35 and m?
5
Suppose 4*r - 7*r = 0. Suppose -i - 5*j + 11 = -r*i, -i = -4*j - 11. What is the highest common divisor of i and 11?
11
Suppose -16805 - 6179 = -8*b. What is the highest common factor of b and 68?
17
Let l = 26381 + -21623. What is the greatest common factor of l and 156?
78
Let a(o) = 2*o**2 + 57*o + 78. Let y be a(-27). Let w be (y/(-7))/((-3)/(-21)) + 525. What is the greatest common factor of 48 and w?
48
Suppose 55*l + 2*n - 12 = 52*l, 4*l + 3*n = 16. Suppose -5*b - 6 = -31, -2*t - 4*b + 48 = 0. Calculate the highest common divisor of t and l.
2
Let y = 81 + -123. Suppose 0 = -4*a + 8009 - 8197. Let i = y - a. Calculate the highest common divisor of 1 and i.
1
Let i(v) = 55*v**2 + v. Let u be i(-1). Suppose 0 = 7*n - 10 - 46. Let q = n + -2. What is the highest common divisor of q and u?
6
Suppose -1240*x = -1165*x - 16650. Calculate the highest common factor of x and 13986.
222
Let q(m) = m**3 - 18*m**2 + 39*m - 64. Let o be q(16). Let b be (-1)/((-342)/o + 7). What is the highest common factor of b and 448?
8
Let m = 106 + -13. Let d = -47 + m. Let y = d + -31. What is the highest common factor of 10 and y?
5
Let x be ((-24)/(-9))/(2*(-1)/6). Let s(v) = v**3 + 8*v**2 + v - 4. Let f be s(x). Let p = 21 + f. What is the greatest common divisor of p and 1?
1
Suppose 0 = 3*v - 5 - 4, 3*r - 5*v = -9. Let s = -1 + r. Let o = s + 1. What is the highest common divisor of 8 and o?
2
Suppose 0 = w - 3*w + 30. Suppose 0 = 4*r - 12 + 12. Suppose -2 = h, h + 542 = 4*k - r*h. What is the greatest common factor of w and k?
15
Suppose 5*y - 11450 = -10800. Calculate the highest common divisor of 2015 and y.
65
Suppose -4*u = t - 1971, t - 928 = 2*u + 1001. Calculate the greatest common factor of t and 1072.
67
Suppose 3*v - 38 - 394 = 0. Let x(u) = 3*u - 80. Let i be x(16). Let c = i + 50. Calculate the highest common factor of c and v.
18
Let k be 1 + 0 - (71 + -182). Calculate the highest common divisor of k and 256.
16
Suppose -3*v + 2*v - 2*a + 15 = 0, 10 = -2*a. Let m be 2*(380/8 - -5). Let x = 205 - m. What is the greatest common factor of x and v?
25
Let v = -18307 + 18340. Calculate the highest common divisor of v and 8481.
33
Let v = 15993 - 12385. What is the greatest common factor of v and 99?
11
Let x = -3226 - -3514. What is the greatest common factor of 228 and x?
12
Let m = -31 - -82. Let g(x) = 5*x**2 - 123*x - 41. Let k be g(25). Let n be (-650)/(-20) + k/6. Calculate the highest common factor of n and m.
17
Let o(z) = 7*z + 3. Let b(f) = -1. Let d(a) = 3*b(a) + o(a). Let y be (2 - (-20)/7) + 1/7. Let i be d(y). What is the greatest common divisor of 7 and i?
7
Let p be ((2/(-12))/1)/(127/(-762)). Let u be 62 - (0 + p) - -3. Let v = 47 - 31. Calculate the highest common divisor of u and v.
16
Suppose -r - 55*r + 636757 = 51*r. Calculate the highest common factor of 11 and r.
11
Let d be 0 - ((-35)/4)/((-2)/(-16)) - 2. Calculate the greatest common divisor of d and 2788.
68
Let w = 23334 + -22208. What is the highest common divisor of 2 and w?
2
Let t(f) = f**2 - 45*f - 6. Let i be t(0). Let v(d) = -40*d - 212. Let o be v(i). What is the highest common factor of 756 and o?
28
Let q = 105 + -106. Let m be (7 - 3)*((6 - 3) + q). What is the highest common factor of 28 and m?
4
Let o be (-2418 + 1658)/((-1)/(2 + 0)). Calculate the greatest common divisor of o and 100.
20
Let o = 17853 + -10469. Calculate the greatest common divisor of 32 and o.
8
Let n(q) = -q**3 + 5*q**2 + 9*q - 14. Let b be n(6). Suppose -5*c + y = 100, 9 + 11 = b*y. Let s = 85 + c. Calculate the greatest common factor of s and 99.
33
Let b = 7172 - 6962. What is the highest common factor of 602 and b?
14
Suppose k - 5*z = 907, k - 13*z - 900 = -15*z. What is the greatest common divisor of k and 574?
82
Let k = -172 + 178. Suppose k*i + 1040 = 11*i. Calculate the greatest common factor of i and 16.
16
Let t = -5915 - -6100. Let o(y) = 258*y**3 + y**2. Let j be o(1). What is the highest common divisor of t and j?
37
Let m(w) be the third derivative of 19*w**5/60 + w**4/6 - w**3/2 - 173*w**2. Let q = 6 + -5. Let s be m(q). What is the greatest common factor of 220 and s?
20
Let d be 117/(-27)*3*-12. Let p be -122*(4/(-8))/(-1). Let f = -22 - p. Calculate the highest common divisor of d and f.
39
Let o(n) = -2*n - 4. Let x be o(-4). Suppose g + 34 = 2. Let t be (g/(-20))/(22/55). What is the highest common factor of t and x?
4
Let l(j) = j**3 - 3*j**2 + 27*j + 108. Let r be l(22). What is the highest common divisor of 196 and r?
98
Suppose -3*k - 5*i = -941, 5*k - 753 = -2*i + 847. What is the highest common factor of 42 and k?
14
Let h be 1896/9 + 2/(-3) - (-41 + 43). What is the greatest common divisor of 494 and h?
26
Suppose 0 = 30*o - 18*o - 72. Calculate the greatest common factor of 375 and o.
3
Let s = 525 - 520. Let i be 2 + 2 + s + (57 - 4). What is the highest common factor of 248 and i?
62
Suppose -7*n = s - 4*n - 13, 5*s = -3*n + 41. Let o(g) = g**2 + 12*g - 23. Let f be o(s). Let a = f + -100. What is the highest common factor of a and 5?
5
Suppose -21109 = 4*l - 7*l - 4*g, 3*l + 5*g = 21110. Calculate the highest common factor of l and 1675.
335
Let b(h) = -h + 6*h - 8*h - h**2 - 2*h. Let d be b(-5). Let c be ((-15)/(-4))/(d + 3/24). Calculate the highest common divisor of 15 and c.
15
Let w = -164 - -176. Suppose -o - 3*o = -20. Suppose w = -o*y + 342. Calculate the highest common divisor of y and 6.
6
Let s(w) = 3*w**3 - 34*w**2 + 7*w + 57. Let y be s(11). What is the highest common factor of y and 5213?
13
Suppose 28*k - 57*k + 14616 = 0. What is the highest common factor of 112 and k?
56
Let r be (24/10)/(12/2520). Let i = r - 873. Let p = i + 584. Calculate the greatest common divisor of p and 43.
43
Let j be (-100)/16*(13 - 1296/80). Let q(u) = 3*u**3 - 2*u**2 - 6. Let o be q(5). Let n = o - 179. What is the greatest common factor of n and j?
20
Let l(a) = 138*a - 1636. Let x be l(26). What is the highest common factor of 32 and x?
32
Let v(a) = 4*a + 84. Suppose -7*c = -5*c - 2*w + 24, -2*w - 60 = 4*c. Let m be v(c). What is the greatest common divisor of 77 and m?
7
Suppose 212*y - 226*y + 196 = 0. Calculate the highest common divisor of 161 and y.
7
Suppose 26 = 7*k - 4*t - 158, -108 = -4*k + 3*t. Let l = 7 + -4. Suppose 2*c + l*c = 15. Calculate the greatest common divisor of k and c.
3
Suppose i = -2*n + 239, -590 = -5*n - 16*i + 21*i. Calculate the greatest common divisor of n and 280.
7
Let v = -106 - -108. Suppose -y - r + 5*r = -63, v*y = -5*r + 165. Calculate the greatest common factor of 10 and y.
5
Let q be 2*(63 - ((-169)/78 - (-10)/(-12))). What is the greatest common factor of q and 231?
33
Suppose 600*z - 1228*z = -611*z - 7344. What is the greatest common divisor of z and 135?
27
Let w(b) = 2*b**3 + 34*b**2 + 11*b - 7. Let p be w(-16). What is the highest common divisor of p and 1175?
47
Let d = -1476 - -1586. Suppose -3*z = 2*z + t + 5, 3 = z + t. Let x be (z - -1) + 24 + -1. What is the highest common divisor of x and d?
22
Let p(t) = -4*t + 64. Let v be p(15). Suppose 409 = v*x + 3*r, 5*x - 302 = 2*r + 238. What is the greatest common factor of x and 212?
106
Let c(h) = 2*h**2 + 11*h - 28. Let y be c(7). What is the greatest common factor of 609 and y?
21
Suppose -4*z + 318 = 2*p, 0 = z - 2*p - 53 - 19. Suppose -2*s - z = -d + 93, -4*d + 4*s = -692. Calculate the highest common divisor of d and 7.
7
Suppose -49 = -k - 4*o, 4*k + o = 49 + 102. Suppose 2*r - 22 = -3*n + k, -5*r = -5*n + 115. Calculate the highest common factor of 315 and n.
21
Let d be (-4490)/(-8) + 3/(-12). Let r(v) = 9*v**2 + 10*v + 6. Let c be r(9). Let q = c - d. What is the highest common divisor of 24 and q?
24
Suppose 4*h - 2126 = -5*y, -2*h + 831 + 237 = 5*y. Let t = h + -489. What is the greatest common divisor of t and 110?
10
Suppose n = -8*n - 63. Let k = 26 - n. Calcu